 -3.
38
67 + -1 + 1 + (110 - 221) + 100
56
Evaluate 15 + (120 - (26 + 6) - 6).
97
What is the value of (-41 + 33 - 98) + 5 + 3?
-98
Evaluate 33 + 1 - (-18 + 26 + -5 - -2).
29
What is -5 + 2 + -2 + 6 + (-5 - (-27 - -52))?
-29
What is the value of -47 - (66 + (9 - 65))?
-57
What is the value of -72 - (143 + -145 - (-9 + (-21 - -9)))?
-91
What is 13 + (65 - (-3 + 128))?
-47
Calculate 2 + -41 + 1 + (2 - -18) + -4 + -7.
-29
29 - (-1 + -12) - 65
-23
Calculate 3 + 0 + 21 - -22 - (12 + 0).
34
What is (1265 + -1216 - (28 - 0) - (14 + -2)) + -18?
-9
Calculate (1 + 1 - (12 - 1) - (-585 + 565)) + 43.
54
-7 - (-34 + 4 + 36 - (-1 - -14))
0
1 - 11 - (233 - 241) - (-1 + -7 + 2)
4
Evaluate (13 + 4 + -26 - -35) + 1.
27
(29 - (32 - (16 + -12))) + 117
118
Calculate -33 + 0 + (-27 - -66).
6
What is 1 + 5 + 0 - (46 + (-1 - 58))?
19
Evaluate 30 + -7 + 3 + 2 - (-670 - -685) - -90.
103
What is 19 - (7 - 3 - -4) - (-71 - -35)?
47
What is the value of -50 - -40 - (-58 + 9 + (9 - 11))?
41
Calculate -92 + -11 - (-16 + (-1 - 14)) - (-1 - 15).
-56
Evaluate 26 - (88 - 34 - -14).
-42
Evaluate (211 - 222 - (4 + -3)) + 30.
18
121 - (-144 + (29 - -120))
116
Calculate 12 + (1 - 41) + -118 + 139.
-7
Evaluate (0 - -1) + ((-4 - 4) + 5 + -37 - -15).
-24
Calculate 51 - (-1 - (-7 + -1 + 22 + -18)).
48
What is 1 + 0 - ((41 - -26) + -51) - 1?
-16
Evaluate (-45 - (-78 + 190)) + 131.
-26
What is -58 - (-52 - (-73 - -20))?
-59
Evaluate (-6 - 0) + (439 - 573) + 154.
14
What is the value of -10 - (((15 - 13) + 4 - -19) + (2 - -3))?
-40
Calculate -59 + 24 + 45 + -3 + -50.
-43
Calculate -10 - 4 - -5 - -8 - 14.
-15
What is the value of 46 + 33 + -160 + (10 - (-2 + -1))?
-68
What is (0 - (0 - 0)) + -100 + (-120 + 59 - -264)?
103
Evaluate -41 - (-18 - 27) - -31.
35
What is -7 - ((-43 - 72) + 64)?
44
Evaluate 17 - 0 - 41 - -3 - -37.
16
What is (-5 - (18 - 14) - -131) + (51 - 29)?
144
-12 + 2 - (10 - (8 + (-4 - -18) + -55))
-53
(-21 - -8) + -6 + (64 - 26)
19
-22 + -70 - ((-13 - 1) + 230 + -223 - -3)
-88
Calculate 12 + (2 + -9 - 3 - (-203 - -239)).
-34
Calculate -14 - (111 + -5 + -12 + -17).
-91
What is the value of (-35 - 4 - -12) + -4 + -73?
-104
Evaluate 17 + (6 - 14) + (-310 - -297).
-4
Evaluate -62 + -99 + 22 + 187.
48
-45 - (-102 + -31 + 35)
53
Calculate -84 - (126 - (68 + 254)).
112
What is -1 + -48 - (-117 + 213 + -100)?
-45
Calculate -5489 + 5490 + -2 + -50 + -1 + -2 + 1.
-53
What is the value of 4 + 2 + -7 + -3 + 159 + -173?
-18
What is the value of -42 + 39 - (8 + 2 - (-3 + -5 + -50))?
-71
0 + (1 - 23) + 8 + -13
-27
Evaluate 98 + -104 + -46 + 65.
13
(14 - (-20 + 26)) + (30 - 36 - (86 - 2))
-82
What is the value of -41 - ((20 - 20 - 1) + -4 - (-1 + 5))?
-32
6 - 93 - (-66 + 38 - (-16 - -1)) - 10
-84
Evaluate -33 - -51 - -25 - (-66 + 13).
96
-24 - ((601 - 545) + (-6 - 0))
-74
Evaluate 9 + (109 - (-19 - (-45 + -16))).
76
Calculate (-43 - ((29 - 19) + -66)) + -4 + (-3 - -101).
107
What is the value of 19 - (42 + (-15 - 16)) - (1 + 46 - 0)?
-39
What is the value of -62 - (-75 + 101 + -29)?
-59
What is (-5 - 102) + -15 + 142?
20
Evaluate -88 - ((-63 - -58) + 9).
-92
Evaluate 682 + -688 - (0 + -14) - (1 - -31) - 3.
-27
What is the value of (-18 - -78) + -6 + (-1 + 0 - 4)?
49
(-4 - 1 - (15 - 12)) + (-37 - -72)
27
-38 + 13 - (3 - 31) - (41 + 0)
-38
-3758 - -3747 - (-8 + (-2 - -1) + 0)
-2
Evaluate 40 - (5 - (-49 - -20)) - (-1 + (-25 - -3)).
29
Calculate -28 + (-4 + 0 - (282 - 284 - (3 + 0))).
-27
Evaluate (8 - (-1 + 0) - -2) + -5 + 1 + -11.
-4
What is 3 + 45 + (22 - ((15 - -2) + 56 + -63))?
60
80 + -81 - 16 - -97
80
Evaluate (-24 - -30) + (-8 - -15 - 38 - -14).
-11
Calculate (-61 - ((0 - -8) + 3)) + -7 + -19 + 16.
-82
What is the value of -43 - ((235 - 247) + 2 + 0)?
-33
Calculate 933 + -1026 + 22 + 0.
-71
Calculate (26 - -74) + -583 + 503.
20
What is the value of (-34 - 1) + 75 + -76 + -29 + 30?
-35
Calculate (24 - 8 - 61) + 64.
19
Calculate -42 + (23 - (-14 + 1 + 16 + 10)).
-32
(-2 - -74 - -64) + -64
72
What is (-12 - (-6 + 0) - (4 + -17)) + 4?
11
Evaluate -14 + -16 + -18 + -22 + 4 + -5.
-71
What is the value of -71 + -1 + (-207 - -84 - -81)?
-114
Calculate 15783 - 15759 - (0 + 9 + -2).
17
Evaluate -17 + 1 - (64 + -4 + -84).
8
-53 + -18 + 3 + (-94 - -114)
-48
What is the value of 7 + (-1 - -26 - (-24 - (-31 + 17)))?
42
What is -2 - -3 - ((20 - -12) + 2 + 4)?
-37
Evaluate -92 - (-42 + (31 - 12) + -14).
-55
-21 + 5 - (-16 - (10 + -29 + 9))
-10
What is the value of -41 - (83 - 111) - (-4 + 2 + -11)?
0
What is the value of 0 + -27 + 91 + -59 + -20?
-15
Calculate (-1226 + 1238 - (0 + 1)) + 4 + 1.
16
What is the value of (-8 - (-105 + 50)) + -68?
-21
What is 92 + -85 - (48 + -7)?
-34
50 + -7 + -30 + 9 - 46
-24
Evaluate (17 - -12) + (-3 - -5 - -2) + -7 + 1.
27
What is 10 + -14 + 0 + 13 - (3 - 72)?
78
-130 + 37 + 15 + 1 + -14 + -6
-97
What is 101 - (111 + -43 + 2)?
31
What is 7 - 70 - (-20 - 11 - -26)?
-58
Evaluate 1 + -33 - ((-2 - 7) + (34 - 23)).
-34
Calculate 4 + -38 + (-23 - (27 + -45)).
-39
6 + (2 + 21 + -165 - (-11 + 1))
-126
Evaluate 5 + (7 - 20) + -13 + (-9 - -8).
-22
Evaluate 11 - ((37 - (10 + -26)) + (-2 + -3 - 7)).
-30
Evaluate -2057 + 2054 - (14 + -1).
-16
(13 + -10 - -37) + (135 - 97)
78
Evaluate 14 + 31 + -61 - (-8 + (4 - 9)).
-3
Calculate (-14 - -13) + 0 + 1 + -13 + -10.
-23
Evaluate -165 - (-28 + (-138 - -94)).
-93
What is the value of 73 + -89 + 59 + -16?
27
-69 - -74 - ((-24 - -1) + (-5 - (-8 + 1)))
26
0 - -1 - ((31 - 12) + 4)
-22
Calculate -2 + 94 - (-41 + 22).
111
What is -62 - -2 - (10 - 25 - (-22 + 3))?
-64
What is the value of (1 - -25) + -43 + 15 + 11 + -102?
-93
What is -11 + -4 + 7 + -3 + (-8 - (7 - 2))?
-24
Evaluate 31 + -6 + 12 - (-52 - 36).
125
-3 + (43 + -22 - (13 - 2) - (-2 + 6))
3
What is 1 - (33 - 46) - (2 - -11)?
1
What is -39 + 2 - (201 + -143 + -47)?
-48
Evaluate (845 - 763) + -45 + -2.
35
What is 68 - (178 - (70 - 16))?
-56
Calculate 7 + -6 + -2 + 13 + (-26 - -31).
17
Calculate 11 + (12 - (4 - -32 - 13)) + 47 + 4.
51
Calculate 8 + (-28 + 8 - -33) + -13 - 86.
-78
Evaluate -18 + 1 + -6 - (-101 + (134 - 95)).
39
Evaluate -71 + -4 - (989 - 1029).
-35
Calculate 110 + -20 - 51 - 15.
24
What is -31 - (-12 + 0) - 2 - 7?
-28
Evaluate -8 + (-724 + 753 + (1 - 14) - 134).
-126
What is the value of (-12 - -2) + -20 + 4 + -2?
-28
What is the value of -11 + 25 - (-5 - -9 - (-2 + -5)) - -15?
18
Calculate 9 + (-8 - 1 - (-248 - -234) - 5).
9
26 - (39 + -3) - -22 - (66 + (7 - 5))
-56
What is (31 + -18 - 28) + (34 + 71 - (1 - -8))?
81
Calculate -19 - -6 - 6 - (2 - 26).
5
What is -98 + 134 + (27 - 97)?
-34
Evaluate (4 + 10 - 39) + (-5 - (-12 - (-3 - -6))).
-15
What is the value of (4 - 5 - ((6 - 18) + -3 + 6)) + -69?
-61
What is the value of -4 + -5 + -54 - -31?
-32
Calculate (-15 - (-88 - -27)) + (5 - 0 - 12) + 0.
39
What is 4 + (-6 + -2 - (78 - 82 - -9))?
-9
Evaluate (-1 - (0 - -8)) + (-62 - (27 + -19) - -23).
-56
What is the value of (16 - (24 + 21 - 11)) + 54?
36
What is the value of 69 + (-24 + 4 - 26)?
23
What is -7 - (-17 - -6) - 17 - (-4 + 11)?
-20
Evaluate -25 + (-3 - 31) - (9 + -3 + (2 - -2)).
-69
What is 49 - (141 + -130) - (-1 + -27)?
66
Calculate ((-1 - 1) + 1 - -134) + (30 - -27 - 58).
132
Evaluate -19 - (-20 + (47 - -2 - 62)).
14
109 - 244 - (-53 - -3 - -11)
-96
What is the value of 77 - ((-12 + 30 - 2 - 1) + -14)?
76
Evaluate (9 - (5 - 2)) + (-16 - (7 + -12 - -17)).
-22
-29 - (-7 - (-3 + -1 - (-24 - -29)))
-31
4 + 2 + 0 + 4 + 20 + -10 + -2
18
Calculate (3 + -7 - (20 - (-14 - -14))) + 15 + 50.
41
Evaluate 11 + (1 - (4 - 76)) + (-53 - (-106 + 57)).
80
Evaluate -40 + (-6 + 3 - (2 - 12 - -4)).
-37
Evaluate 41 - (40 + 1) - -63.
63
(6 + 35 - 49) + 51 + (-7 - -7)
43
What is the value of 68 - 97 - -37 - (-61 - (-3 + (7 - 3)))?
70
What is the value of 32 + -496 + 521 + (1 - 44)?
14
(0 + 13 - 0 - 16) + 4 + 44
45
Calculate 33 - (11 + 24 - -21).
-23
(1 - (-70 - -7)) + (0 - 20)
44
Calculate (72 - (-144 - -245)) + 106.
77
Evaluate -3 + 12 + (31 - 43) + (64 - -3).
64
What is 55 + (19 - -16) + -87?
3
What is the value of 34 + 0 - (1440 - 1433)?
27
What is -3 + (-204 - -54 - -1)?
-152
What is -22 - (0 + -56 + 47)?
-13
Evaluate (182 + 78 - 224) + -11 + (1 - 0).
26
What is the value of -77 + 53 + (1 - -4) + 8 + 102?
91
What is the value of -20 - (-124 + 44 + 35)?
25
What is 1 + -57 - (460